{"id":2,"date":"2012-04-03T16:47:20","date_gmt":"2012-04-03T16:47:20","guid":{"rendered":"http:\/\/www.entreprises-en-transition.org\/?page_id=2"},"modified":"2014-05-29T22:23:33","modified_gmt":"2014-05-29T22:23:33","slug":"page-d-exemple","status":"publish","type":"page","link":"http:\/\/www.entreprises-en-transition.org\/?page_id=2","title":{"rendered":"Manifeste"},"content":{"rendered":"<p><strong>Manifeste des Entreprises en Transition<\/strong><\/p>\n<p>L\u2019humanit\u00e9 traverse une s\u00e9rie de graves crises interconnect\u00e9es, affectant le lien social, la solidarit\u00e9, bouleversant les grands flux naturels et d\u00e9truisant la diversit\u00e9 du vivant. Un \u00e9cosyst\u00e8me alt\u00e9r\u00e9, une esp\u00e8ce qui dispara\u00eet, sont autant de fils de la trame du vivant qui se d\u00e9chirent, et autant de menacent qui p\u00e8sent sur notre \u00e9conomie et l\u2019avenir de l\u2019humanit\u00e9. In\u00e9dite par son ampleur et par sa dimension syst\u00e9mique, cette crise n\u2019est pas que conjoncturelle\u00a0: elle marque un tournant de notre histoire, un changement d\u2019\u00e8re d\u2019une ampleur comparable \u00e0 l\u2019apparition de l\u2019agriculture ou \u00e0 la r\u00e9volution \u00e9nerg\u00e9tique et industrielle du si\u00e8cle dernier.<\/p>\n<p>Conscients qu\u2019il est illusoire d\u2019attendre un hypoth\u00e9tique \u00ab\u00a0retour \u00e0 la normale\u00a0\u00bb\u00a0;<\/p>\n<p>Conscients que le temps est venu de favoriser l&rsquo;\u00e9mergence d&rsquo;un nouveau mode d&rsquo;inscription au monde en phase avec les valeurs humanistes et en pleine reconnaissance de notre interd\u00e9pendance vis \u00e0 vis de la trame du vivant et des grands cycles biog\u00e9ochimiques qui la soutiennent\u00a0;<\/p>\n<p>Reconnaissant cette p\u00e9riode difficile comme une transition, o\u00f9 des changements profonds, historiques, sont \u00e0 l\u2019\u0153uvre\u00a0;<\/p>\n<p>Reconnaissant que ces changements ne pourront s\u2019op\u00e9rer pleinement sans un sinc\u00e8re engagement des entreprises, qui structurent l\u2019activit\u00e9 \u00e9conomique\u00a0;<\/p>\n<p>Reconnaissant \u00e9galement que notre h\u00e9ritage culturel et technique ainsi que notre d\u00e9pendance au mod\u00e8le actuel nous permettent difficilement de r\u00e9volutionner nos m\u00e9tiers du jour au lendemain\u00a0;<\/p>\n<p>Nous nous d\u00e9clarons n\u00e9anmoins, et avec enthousiasme, en transition et promettons solennellement de faire de notre mieux\u00a0;<\/p>\n<p>Nous nous engageons \u00e0 \u0153uvrer, d\u00e8s \u00e0 pr\u00e9sent, \u00e0 la d\u00e9finition d\u2019une vision et d\u2019une strat\u00e9gie de transition vers ce futur souhaitable, en collaboration avec nos parties prenantes\u00a0;<\/p>\n<p>Nous nous engageons \u00e0 \u0153uvrer pour r\u00e9int\u00e9grer l\u2019\u00e9conomie au sein de la biosph\u00e8re et la mettre au service de l\u2019Homme\u00a0;<\/p>\n<p>Nous affirmons notre souhait d\u2019\u00eatre \u00e0 l\u2019avant-garde d\u2019une \u00e9conomie qui s\u2019inspire des mod\u00e8les \u00e9volutifs de la nature pour assurer une r\u00e9silience globale de l\u2019\u00e9cosyst\u00e8me plan\u00e9taire\u00a0;<\/p>\n<p>Nous nous engageons\u00a0\u00a0\u00e0 partager cette vision avec nos collaborateurs, nos clients, nous fournisseurs, nos actionnaires et l\u2019ensemble de nos parties prenantes afin de l&rsquo;assoir sur un consensus large\u00a0;<\/p>\n<p>Nous nous engageons \u00e0 permettre l\u2019\u00e9mergence d\u2019une humanit\u00e9 et d\u2019une \u00e9conomie c\u00e9l\u00e9brant leur interd\u00e9pendance vis \u00e0 vis du vivant, leur solidarit\u00e9, leur diversit\u00e9, sont autant de jalons vers la qu\u00eate l\u00e9gitimes du bonheur.<\/p>\n<p>Nous, entreprises en transition, orientons nos actions pour favoriser, le plus rapidement possible, l\u2019\u00e9mergence de cette Humanit\u00e9 et cette \u00e9conomie l\u00e0&#8230;<\/p>\n","protected":false},"excerpt":{"rendered":"<p>Manifeste des Entreprises en Transition L\u2019humanit\u00e9 traverse une s\u00e9rie de graves crises interconnect\u00e9es, affectant le lien social, la solidarit\u00e9, bouleversant les grands flux naturels et d\u00e9truisant la diversit\u00e9 du vivant. Un \u00e9cosyst\u00e8me alt\u00e9r\u00e9, une esp\u00e8ce qui dispara\u00eet, sont autant de &hellip; <a href=\"http:\/\/www.entreprises-en-transition.org\/?page_id=2\">Continuer la lecture <span class=\"meta-nav\">&rarr;<\/span><\/a><\/p>\n","protected":false},"author":1,"featured_media":0,"parent":0,"menu_order":0,"comment_status":"closed","ping_status":"closed","template":"","meta":[],"_links":{"self":[{"href":"http:\/\/www.entreprises-en-transition.org\/index.php?rest_route=\/wp\/v2\/pages\/2"}],"collection":[{"href":"http:\/\/www.entreprises-en-transition.org\/index.php?rest_route=\/wp\/v2\/pages"}],"about":[{"href":"http:\/\/www.entreprises-en-transition.org\/index.php?rest_route=\/wp\/v2\/types\/page"}],"author":[{"embeddable":true,"href":"http:\/\/www.entreprises-en-transition.org\/index.php?rest_route=\/wp\/v2\/users\/1"}],"replies":[{"embeddable":true,"href":"http:\/\/www.entreprises-en-transition.org\/index.php?rest_route=%2Fwp%2Fv2%2Fcomments&post=2"}],"version-history":[{"count":4,"href":"http:\/\/www.entreprises-en-transition.org\/index.php?rest_route=\/wp\/v2\/pages\/2\/revisions"}],"predecessor-version":[{"id":10,"href":"http:\/\/www.entreprises-en-transition.org\/index.php?rest_route=\/wp\/v2\/pages\/2\/revisions\/10"}],"wp:attachment":[{"href":"http:\/\/www.entreprises-en-transition.org\/index.php?rest_route=%2Fwp%2Fv2%2Fmedia&parent=2"}],"curies":[{"name":"wp","href":"https:\/\/api.w.org\/{rel}","templated":true}]}}